et p(h) be the third derivative of -h**5/30 + h**4/6 - h**3/6 - 3*h**2. Suppose 5*j - 2 = -4*w, 0 = -8*w + 7*w + j + 5. Give p(w).
-7
Let o(g) = g - 12. Let s be 7 - 1*4/2. Let f be 2/(s/(10/(-4))). Let v be 0*(-1)/2*f. What is o(v)?
-12
Let i(g) = -g**2 - 10*g - 6. Let m = -46 + 45. Let t be 8/(-20) + (-99)/15 + m. Determine i(t).
10
Let z(y) be the first derivative of y**3/3 - 2*y**2 + y - 2. Suppose -6*u - 4*u = -0*u - 50. Give z(u).
6
Let t(w) be the first derivative of -w**3/6 - 11*w**2/2 + 10*w - 3. Let v(h) be the first derivative of t(h). Calculate v(-9).
-2
Let i be (-20)/(-50) + 8/5. Let w(f) = f**3 - f + 3*f**3 + f**i - 4*f**3 + 2*f**3. Give w(-2).
-10
Let t(h) = -h + 3 - 3 - 2*h. Suppose 5*p - p + 5*d - 31 = 0, -7 = -p - d. Let m = p - 5. What is t(m)?
3
Let v(g) be the third derivative of -g**7/2520 + g**6/720 + 7*g**5/120 - 5*g**4/24 - 27*g**2. Let i(x) be the second derivative of v(x). Calculate i(0).
7
Let p(x) = x**2 - x. Let c(d) = -d**3 + 8*d**2 - d + 6. Let n(i) = c(i) - 2*p(i). Let m(q) = -13*q - 423. Let a be m(-33). Give n(a).
12
Let g(f) = -5*f**2 - 13*f - 15. Let q(b) = -9*b**2 - 25*b - 29. Let v = -81 + 85. Let r(j) = v*q(j) - 7*g(j). Determine r(-8).
-3
Let s(u) = -u**3 - 7*u**2 - 6*u + 4. Let h be s(-6). Let f(o) = 0*o**2 - h + o**3 - 5*o**2 + 0*o**2 - 28*o + 30*o. What is f(5)?
6
Let x(v) be the third derivative of -v**6/20 + v**5/30 - v**4/24 + v**2. Let a be 35/10 + -2 - 4/8. What is x(a)?
-5
Let x(z) = 5*z**3 + 5*z**2 - 3*z - 1. Let s(d) = -11*d**3 - 11*d**2 + 7*d + 2. Let c(g) = -6*s(g) - 13*x(g). Give c(2).
7
Let n(b) = 10*b - 1. Suppose 4*k + 22 = c - k, 4*c - 4*k - 24 = 0. Suppose 6*u = 4*u - c. What is n(u)?
-11
Let l = -14 + 17. Let i(w) = 5*w**2 + 4*w**l - 4*w**2 + 0*w**2 + 1 - w. Suppose -2 = h - 5*h + n, -2*n + 8 = 4*h. Give i(h).
5
Let l(v) be the second derivative of -2*v**3/3 + v**2/2 + 368*v. Suppose n + 0*n = 2. Determine l(n).
-7
Suppose 4*y - 8 = -4. Let f(w) = -8*w**2 + 2*w - 1. Let n be f(y). Let o(q) = -10*q + 3. Let v(b) = 21*b - 7. Let j(i) = n*o(i) - 3*v(i). What is j(1)?
7
Let q(r) be the first derivative of r**3/3 + r - 107. What is q(4)?
17
Suppose -23 = 7*i - 72. Let b(q) = i + 2*q + 4*q**3 + q**2 - q**3 - 3*q - 4*q**3. Give b(0).
7
Let u(v) = -v**3 - 6*v**2 + 2*v + 6. Let n be u(-6). Let b(x) = x**3 + 5*x**2 - 8*x - 8. Let q be b(n). Let r = 5 - q. Let f(o) = 8*o**3 - o + 1. What is f(r)?
8
Suppose j = 4*w + 18, -w = -2*w - 4*j - 13. Let m(z) = 4*z**2 + 7*z - 7. Let x(o) = 7*o**2 + 13*o - 13. Let k(h) = w*m(h) + 3*x(h). Give k(-4).
-4
Let s(l) be the first derivative of l**3 + l**2/2 + 2*l - 39. Let w(n) be the third derivative of -n**4/24 - 4*n**3/3 - 3*n**2. Let t be w(-6). What is s(t)?
12
Let d(t) be the second derivative of t**3/2 + t. Let o(g) = -g**3 - 4*g**2 + 9. Let i be o(-2). Determine d(i).
3
Let z(m) = 11*m + 9. Let v(q) = -5*q - 4. Let t(p) = -5*v(p) - 2*z(p). Suppose 5*r - 2 - 9 = -c, 0 = 3*r + 3*c - 9. Suppose -20 = r*o + 2*o. Calculate t(o).
-13
Let o(u) be the second derivative of -u**5/20 - 5*u**4/6 - u**3/3 + u**2 + 549*u. Calculate o(-10).
22
Let s(k) = -2*k - 4. Let a be s(-3). Let z(q) = -3*q - 7. Let p be z(-3). Let y(b) = 9*b**2 - 6*b**p - 4*b**2 - 2 + b. What is y(a)?
-4
Suppose -3*b + 4 = 5*s, 4*s + 5*b + 12 - 23 = 0. Let p(c) = -7*c**2 - c - 1. What is p(s)?
-7
Suppose 6*y - 51 = 5*y + 4*j, -y - j = -61. Let a(h) = -26*h + 3 - 34*h + y*h. Determine a(7).
-4
Let g = 542 + -550. Let p(i) = -i**3 - 8*i**2 - 7. Give p(g).
-7
Let j(z) = -7*z**2 - 5*z - 8. Let d(o) = 9*o**2 + 6*o + 8. Let m(p) = -4*d(p) - 5*j(p). What is m(0)?
8
Let i(h) = -h**2 - 7*h - 4. Suppose 5*b - 4*l = -47, 2*b - 4*l + 18 = -8. Calculate i(b).
-4
Let z(n) = 0 + 2*n**2 + 3 + 2*n + 3*n. Suppose -9 = 2*w + w. Give z(w).
6
Suppose 6 = -5*t - 3*q, -2*q = -3*t - 6*q + 3. Let r(s) = s**2 + 0*s + 1 + 6*s - 4*s. Calculate r(t).
4
Let m(o) be the first derivative of -o**5/20 - 5*o**4/12 - 7*o**3/6 - 2*o**2 - 10*o - 14. Let b(w) be the first derivative of m(w). What is b(-4)?
8
Let w(o) = 2*o - o**2 - 7*o**2 + 7*o**2 - 6 + 0*o**2 + 5. What is w(0)?
-1
Let w(j) = 6*j**2 - 3*j + 6. Let d(x) = -8*x**2 + 4*x - 5. Let k(t) = -4*d(t) - 5*w(t). Give k(3).
5
Let g(p) = -3*p - 33. Let k be g(-17). Suppose -k - 136 = -7*n. Let j(y) = -n + 39 - 6 - y. Calculate j(6).
5
Let g(i) = -i**3 - 2*i**2 + 4*i - 4. Let a(c) = -1. Let p(y) = 4*a(y) - g(y). Suppose -46 = n - 11. Let h = n - -32. Give p(h).
3
Let b = -284 - -280. Let c(f) = -2*f**2 - 3*f + 3. Give c(b).
-17
Let q be (-9 + 0 + 9)/4. Let c(h) = h + 27. Calculate c(q).
27
Let b(m) = m - 26. Let n be (108/(-24))/(3 - (-153)/(-48)). Calculate b(n).
-2
Let t = 13 - 9. Suppose 12 = -2*w + t*w. Let m(z) = -z**2 + 4*z + 3. Calculate m(w).
-9
Let r(k) = 0*k**2 + 10 - 23 + k**2 + 10 + 4*k - 2*k**2. Calculate r(6).
-15
Let k(f) = f**2 - 27*f + 122. Let p be k(6). Let t(i) = i**3 + 3*i**2 + 4. Calculate t(p).
-12
Let y(q) be the third derivative of -q**5/60 + 5*q**4/12 + 17*q**3/6 + 161*q**2. What is y(12)?
-7
Let b be 0/3*(3 + -4). Suppose 3*d + d - 20 = b. Let s(a) = a. Determine s(d).
5
Let p(c) = -c**3 + 3*c**2 + c + 3. Let l(g) = -2*g**2 + 17*g - 5. Let n be -2*1/(-6) + 46/6. Let t be l(n). Give p(t).
6
Let v(h) = 8*h - 73*h**2 - 7 + 72*h**2 + 16. Let u be v(9). Let y(s) = -s**3 + s**2 + s - 3. Determine y(u).
-3
Suppose w - 3*w - v = -3, 0 = -3*w - v + 5. Suppose 0 = -2*g - g + 3*u - 12, w*g + 2*u = -24. Let j(p) = -p**3 - 7*p**2 + 8*p + 8. Calculate j(g).
8
Suppose 292*o = 282*o - 70. Let m(p) be the third derivative of p**4/24 + 2*p**3/3 - p**2. Give m(o).
-3
Let s(v) = 2*v**3 + 2*v - 1. Suppose 2*i = 5*b - 9, -i + 0 - 1 = b. Suppose 5*f - 2*d = 2*f + b, -2*f + 3*d = 1. Calculate s(f).
3
Let z(v) = -6*v**2 - 32*v - 1. Let g = -50 - -39. Let h(m) = 2*m**2 + 11*m. Let n(y) = g*h(y) - 4*z(y). Calculate n(-4).
8
Let g(o) be the first derivative of o**4/4 - 2*o**3 - 3*o**2 + 2*o + 1010. Determine g(5).
-53
Let x(v) = 2415*v**2 - 1210*v**2 + 7*v**3 - 1204*v**2 + 7*v**3. What is x(1)?
15
Let w(v) be the second derivative of -1/12*v**4 - 4/3*v**3 + 1/2*v**2 + 0 - 4*v. Suppose 0*q - 5*q = -4*j - 9, -4*j + q - 21 = 0. Give w(j).
13
Let q be 2/(-2*(-2)/8). Let k(m) = -m**3 + 8*m**2 + 3*m - 21. Let b be k(8). Let z(s) = -26 + 3*s**3 + b*s - 2*s**3 + 21 - 5*s - 3*s**2. Determine z(q).
3
Let y(p) = 52*p - p**2 - 8 - 97*p + 50*p. Determine y(4).
-4
Let j(r) = -2*r**3 - 3*r**2. Let o(f) = -25*f**3 - 40*f**2. Let a(n) = -40*j(n) + 3*o(n). What is a(1)?
5
Let s(d) = -6*d**2 - 2. Suppose -1 - 9 = -5*x. Suppose -5*z = -x*v - 3*z - 6, 0 = 3*v - 5*z + 11. Give s(v).
-26
Let w(q) be the second derivative of 2*q**3/3 + 2*q**2 + 7*q - 2. What is w(-3)?
-8
Let r(p) = -7*p**3 + 6*p**2 + 7*p - 42. Let a(l) = l**3 - l**2 - l + 1. Let y(w) = 6*a(w) + r(w). What is y(0)?
-36
Let t(b) = 2*b**2 - 65*b + 176. Let r be t(3). Let h(o) = -6*o**3 + o. Give h(r).
5
Suppose -4*n + 2*a + 20 = 4*a, 2*a = 5*n - 7. Suppose 5*u + 3*h - 6 = 0, -4*u + h + n + 12 = 0. Let s = u - 0. Let y(r) = -r - 1. Give y(s).
-4
Let x = 462 - 455. Let k(z) = -2*z + 1. Give k(x).
-13
Let y(r) be the second derivative of r**5/20 - r**4/2 + r**3/2 - 4*r**2 + 6*r - 5. What is y(6)?
10
Let s be (7 + -9)/(1/2). Let h(k) be the second derivative of k**5/20 + k**4/3 - k**3/2 - 5*k**2/2 - 2*k + 6. What is h(s)?
7
Let i(t) = 3*t. Suppose -11*h + 70 = -4*h. Suppose n - 3 = 4*c + 3, -4*n - c - h = 0. Determine i(n).
-6
Suppose 0 = -61*b - 61 - 244. Let h(z) = -z**3 - 7*z**2 - 7*z + 1. Calculate h(b).
-14
Let z(l) = l**3 - 3*l**2 + 2*l + 6. Let n(t) = t**3 - 2*t**2 + t + 5. Let b(a) = 4*n(a) - 3*z(a). Determine b(-2).
2
Let x(c) = -2*c**3 + c - 1. Let r(u) = -11*u**3 + 2*u**2 + 6*u - 3. Let j(f) = -r(f) + 5*x(f). Calculate j(3).
4
Let g be ((-9)/(-6))/((-9)/(-6)). Suppose 2*v + 5*o - g = 0, -2*v + 10*o - 5*o = 9. Let m be (-1)/((v/(-10))/(-1)). Let c(z) = z - 7. Determine c(m).
-2
Suppose 11*w = -12*w + 15*w. Let m(h) = -h**3 - h + 5. Calculate m(w).
5
Suppose -3*h = -2*x + 17, 3*x - 5 + 4 = h. Let u(n) = -2*n**2 - 8*n + 10. Give u(h).
-32
Let k(n) = 10*n - 4. Let q(t) = 11*t - 5. Let m(s) = 6*k(s) - 5*q(s). Let z be 2*((-13)/2 + -3). Let o = -18 - z. What is m(o)?
6
Let q(t) be the second derivative of -t**3/6 + t**2 - t - 18. Giv